{"id":297,"date":"2017-09-04T16:55:32","date_gmt":"2017-09-04T14:55:32","guid":{"rendered":"http:\/\/galas.net.pl\/?page_id=297"},"modified":"2018-10-14T20:47:04","modified_gmt":"2018-10-14T18:47:04","slug":"tworzenie-stron-www","status":"publish","type":"page","link":"https:\/\/galas.net.pl\/index.php\/tworzenie-stron-www\/","title":{"rendered":"Tworzenie stron WWW"},"content":{"rendered":"<p>Nasza firma oferuje tworzenie stron internetowych opartych o platform\u0119 WordPress.<\/p>\n<p>Strony s\u0105 w pe\u0142ni responsywne oraz edytowalne.<\/p>\n<p>Tworzymy:<\/p>\n<ul>\n<li>blog<\/li>\n<li>strona prezentacyjna<\/li>\n<li>forum<\/li>\n<li>portal informacyjny<\/li>\n<li>projekty graficzne<\/li>\n<li>loga (logotypy)<\/li>\n<li>W innych sprawach prosimy dzwoni\u0107 pod numer (014) 652 33 44<\/li>\n<\/ul>\n<p>O wycen\u0119 prosimy zg\u0142asza\u0107 si\u0119 pod numer telefonu (014) 652 33 44 lub na email: msi6@o2.pl<\/p>\n<p>Przyk\u0142adami stron wykonanych przez nas s\u0105:<\/p>\n<p>Galas.net.pl<\/p>\n<p><a href=\"http:\/\/projektygalas.pl\/\">projektygalas.pl<\/a><\/p>\n<p><a href=\"http:\/\/www.zs.tuchow.pl\/\">www.zs.tuchow.pl<\/a><\/p>\n<p><a href=\"http:\/\/turbopremium.pl\/\">turbopremium.pl<\/a><\/p>\n<p><a href=\"http:\/\/magden-dersim.pl\/\">magden-dersim.pl<\/a><\/p>\n<p><a href=\"http:\/\/sp-popowice.pl\/\">sp-popowice.pl<\/a><\/p>\n<p><a href=\"https:\/\/www.easyrsgold.com\/\">www.easyrsgold.com<\/a><\/p>\n","protected":false},"excerpt":{"rendered":"<p>Nasza firma oferuje tworzenie stron internetowych opartych o platform\u0119 WordPress. Strony s\u0105 w pe\u0142ni responsywne oraz edytowalne. Tworzymy: blog strona [&hellip;]<\/p>\n","protected":false},"author":1,"featured_media":0,"parent":0,"menu_order":0,"comment_status":"closed","ping_status":"closed","template":"","meta":{"site-sidebar-layout":"default","site-content-layout":"","ast-site-content-layout":"","site-content-style":"default","site-sidebar-style":"default","ast-global-header-display":"","ast-banner-title-visibility":"","ast-main-header-display":"","ast-hfb-above-header-display":"","ast-hfb-below-header-display":"","ast-hfb-mobile-header-display":"","site-post-title":"","ast-breadcrumbs-content":"","ast-featured-img":"","footer-sml-layout":"","theme-transparent-header-meta":"","adv-header-id-meta":"","stick-header-meta":"","header-above-stick-meta":"","header-main-stick-meta":"","header-below-stick-meta":"","astra-migrate-meta-layouts":"default","ast-page-background-enabled":"default","ast-page-background-meta":{"desktop":{"background-color":"var(--ast-global-color-4)","background-image":"","background-repeat":"repeat","background-position":"center center","background-size":"auto","background-attachment":"scroll","background-type":"","background-media":"","overlay-type":"","overlay-color":"","overlay-opacity":"","overlay-gradient":""},"tablet":{"background-color":"","background-image":"","background-repeat":"repeat","background-position":"center center","background-size":"auto","background-attachment":"scroll","background-type":"","background-media":"","overlay-type":"","overlay-color":"","overlay-opacity":"","overlay-gradient":""},"mobile":{"background-color":"","background-image":"","background-repeat":"repeat","background-position":"center center","background-size":"auto","background-attachment":"scroll","background-type":"","background-media":"","overlay-type":"","overlay-color":"","overlay-opacity":"","overlay-gradient":""}},"ast-content-background-meta":{"desktop":{"background-color":"var(--ast-global-color-5)","background-image":"","background-repeat":"repeat","background-position":"center center","background-size":"auto","background-attachment":"scroll","background-type":"","background-media":"","overlay-type":"","overlay-color":"","overlay-opacity":"","overlay-gradient":""},"tablet":{"background-color":"var(--ast-global-color-5)","background-image":"","background-repeat":"repeat","background-position":"center center","background-size":"auto","background-attachment":"scroll","background-type":"","background-media":"","overlay-type":"","overlay-color":"","overlay-opacity":"","overlay-gradient":""},"mobile":{"background-color":"var(--ast-global-color-5)","background-image":"","background-repeat":"repeat","background-position":"center center","background-size":"auto","background-attachment":"scroll","background-type":"","background-media":"","overlay-type":"","overlay-color":"","overlay-opacity":"","overlay-gradient":""}},"jetpack_post_was_ever_published":false,"footnotes":"","_links_to":"","_links_to_target":""},"class_list":["post-297","page","type-page","status-publish","hentry"],"jetpack_sharing_enabled":true,"jetpack_shortlink":"https:\/\/wp.me\/P8kCkk-4N","jetpack-related-posts":[],"_links":{"self":[{"href":"https:\/\/galas.net.pl\/index.php\/wp-json\/wp\/v2\/pages\/297","targetHints":{"allow":["GET"]}}],"collection":[{"href":"https:\/\/galas.net.pl\/index.php\/wp-json\/wp\/v2\/pages"}],"about":[{"href":"https:\/\/galas.net.pl\/index.php\/wp-json\/wp\/v2\/types\/page"}],"author":[{"embeddable":true,"href":"https:\/\/galas.net.pl\/index.php\/wp-json\/wp\/v2\/users\/1"}],"replies":[{"embeddable":true,"href":"https:\/\/galas.net.pl\/index.php\/wp-json\/wp\/v2\/comments?post=297"}],"version-history":[{"count":4,"href":"https:\/\/galas.net.pl\/index.php\/wp-json\/wp\/v2\/pages\/297\/revisions"}],"predecessor-version":[{"id":361,"href":"https:\/\/galas.net.pl\/index.php\/wp-json\/wp\/v2\/pages\/297\/revisions\/361"}],"wp:attachment":[{"href":"https:\/\/galas.net.pl\/index.php\/wp-json\/wp\/v2\/media?parent=297"}],"curies":[{"name":"wp","href":"https:\/\/api.w.org\/{rel}","templated":true}]}}