{"id":26,"date":"2016-04-24T23:34:02","date_gmt":"2016-04-24T21:34:02","guid":{"rendered":"http:\/\/nowa.galas.net.pl\/?page_id=26"},"modified":"2016-06-29T13:05:45","modified_gmt":"2016-06-29T11:05:45","slug":"obsluga-techniczna","status":"publish","type":"page","link":"https:\/\/galas.net.pl\/index.php\/obsluga-techniczna\/","title":{"rendered":"Obs\u0142uga techniczna"},"content":{"rendered":"<p>W sprawach zwi\u0105zanych z funkcjonowaniem internetu i naszego serwisu mo\u017cna kontaktowa\u0107 si\u0119 na poni\u017csze adresy e-mail:<\/p>\n<ul>\n<li>problemy zwi\u0105zane z\u00a0dost\u0119pem do\u00a0internetu &#8211;\u00a0sklep<a href=\"mailto:admin@galas.net.pl\">@galas.net.pl<\/a><\/li>\n<li>problemy zwi\u0105zane z dzia\u0142aniem serwer\u00f3w dns domeny galas.net.pl &#8211; sklep<a href=\"mailto:dns@galas.net.pl\">@galas.net.pl<\/a><\/li>\n<li>serwis www (problemy, propozycje zmian) &#8211; <a href=\"mailto:webmaster@galas.net.pl\">webmaster@galas.net.pl<\/a><br \/>\nTelefon\/Fax: 14 652 33 44<\/li>\n<\/ul>\n<p>Uwaga: staramy si\u0119 odpowiada\u0107 na wszystkie maile. Je\u015bli odpowied\u017a ma by\u0107 wys\u0142ana na okre\u015blony adres email (inny ni\u017c domy\u015blny zwrotny) prosimy o zaznaczenie tego w tre\u015bci poczty. Nie odpowiadamy na anonimy!<\/p>\n","protected":false},"excerpt":{"rendered":"<p>W sprawach zwi\u0105zanych z funkcjonowaniem internetu i naszego serwisu mo\u017cna kontaktowa\u0107 si\u0119 na poni\u017csze adresy e-mail: problemy zwi\u0105zane z\u00a0dost\u0119pem do\u00a0internetu [&hellip;]<\/p>\n","protected":false},"author":1,"featured_media":0,"parent":0,"menu_order":0,"comment_status":"closed","ping_status":"closed","template":"","meta":{"site-sidebar-layout":"default","site-content-layout":"","ast-site-content-layout":"","site-content-style":"default","site-sidebar-style":"default","ast-global-header-display":"","ast-banner-title-visibility":"","ast-main-header-display":"","ast-hfb-above-header-display":"","ast-hfb-below-header-display":"","ast-hfb-mobile-header-display":"","site-post-title":"","ast-breadcrumbs-content":"","ast-featured-img":"","footer-sml-layout":"","theme-transparent-header-meta":"","adv-header-id-meta":"","stick-header-meta":"","header-above-stick-meta":"","header-main-stick-meta":"","header-below-stick-meta":"","astra-migrate-meta-layouts":"default","ast-page-background-enabled":"default","ast-page-background-meta":{"desktop":{"background-color":"var(--ast-global-color-4)","background-image":"","background-repeat":"repeat","background-position":"center center","background-size":"auto","background-attachment":"scroll","background-type":"","background-media":"","overlay-type":"","overlay-color":"","overlay-opacity":"","overlay-gradient":""},"tablet":{"background-color":"","background-image":"","background-repeat":"repeat","background-position":"center center","background-size":"auto","background-attachment":"scroll","background-type":"","background-media":"","overlay-type":"","overlay-color":"","overlay-opacity":"","overlay-gradient":""},"mobile":{"background-color":"","background-image":"","background-repeat":"repeat","background-position":"center center","background-size":"auto","background-attachment":"scroll","background-type":"","background-media":"","overlay-type":"","overlay-color":"","overlay-opacity":"","overlay-gradient":""}},"ast-content-background-meta":{"desktop":{"background-color":"var(--ast-global-color-5)","background-image":"","background-repeat":"repeat","background-position":"center center","background-size":"auto","background-attachment":"scroll","background-type":"","background-media":"","overlay-type":"","overlay-color":"","overlay-opacity":"","overlay-gradient":""},"tablet":{"background-color":"var(--ast-global-color-5)","background-image":"","background-repeat":"repeat","background-position":"center center","background-size":"auto","background-attachment":"scroll","background-type":"","background-media":"","overlay-type":"","overlay-color":"","overlay-opacity":"","overlay-gradient":""},"mobile":{"background-color":"var(--ast-global-color-5)","background-image":"","background-repeat":"repeat","background-position":"center center","background-size":"auto","background-attachment":"scroll","background-type":"","background-media":"","overlay-type":"","overlay-color":"","overlay-opacity":"","overlay-gradient":""}},"jetpack_post_was_ever_published":false,"footnotes":"","_links_to":"","_links_to_target":""},"class_list":["post-26","page","type-page","status-publish","hentry"],"jetpack_sharing_enabled":true,"jetpack_shortlink":"https:\/\/wp.me\/P8kCkk-q","jetpack-related-posts":[],"_links":{"self":[{"href":"https:\/\/galas.net.pl\/index.php\/wp-json\/wp\/v2\/pages\/26","targetHints":{"allow":["GET"]}}],"collection":[{"href":"https:\/\/galas.net.pl\/index.php\/wp-json\/wp\/v2\/pages"}],"about":[{"href":"https:\/\/galas.net.pl\/index.php\/wp-json\/wp\/v2\/types\/page"}],"author":[{"embeddable":true,"href":"https:\/\/galas.net.pl\/index.php\/wp-json\/wp\/v2\/users\/1"}],"replies":[{"embeddable":true,"href":"https:\/\/galas.net.pl\/index.php\/wp-json\/wp\/v2\/comments?post=26"}],"version-history":[{"count":4,"href":"https:\/\/galas.net.pl\/index.php\/wp-json\/wp\/v2\/pages\/26\/revisions"}],"predecessor-version":[{"id":165,"href":"https:\/\/galas.net.pl\/index.php\/wp-json\/wp\/v2\/pages\/26\/revisions\/165"}],"wp:attachment":[{"href":"https:\/\/galas.net.pl\/index.php\/wp-json\/wp\/v2\/media?parent=26"}],"curies":[{"name":"wp","href":"https:\/\/api.w.org\/{rel}","templated":true}]}}