{"id":24,"date":"2016-04-24T23:33:43","date_gmt":"2016-04-24T21:33:43","guid":{"rendered":"http:\/\/nowa.galas.net.pl\/?page_id=24"},"modified":"2016-06-28T12:44:16","modified_gmt":"2016-06-28T10:44:16","slug":"certyfikat-ssl","status":"publish","type":"page","link":"https:\/\/galas.net.pl\/index.php\/certyfikat-ssl\/","title":{"rendered":"Certyfikat SSL"},"content":{"rendered":"<h3>Instalacja certyfikatu SSL w systemie Windows<\/h3>\n<hr size=\"2\" width=\"100%\" \/>\n<p align=\"center\">W pierwszej kolejno\u015bci nale\u017cy pobra\u0107 plik z zapisanym certyfikatem.<br \/>\n<a href=\"http:\/\/galas.net.pl\/pliki\/cacert.crt\" target=\"_blank\">Pobierz certyfikat SSL.<\/a><\/p>\n<p align=\"center\">Po pojawieniu si\u0119 okienka wybieramy &#8222;Otw\u00f3rz&#8221;. Uruchomiony zostanie w ten spos\u00f3b kreator instalacji certyfikatu. Nale\u017cy wybra\u0107 &#8222;Zainstaluj certyfikat&#8221;:<\/p>\n<p align=\"center\"><img loading=\"lazy\" decoding=\"async\" data-attachment-id=\"116\" data-permalink=\"https:\/\/galas.net.pl\/index.php\/certyfikat-ssl\/cert_1\/\" data-orig-file=\"https:\/\/galas.net.pl\/wp-content\/uploads\/2016\/06\/cert_1.jpg\" data-orig-size=\"409,483\" data-comments-opened=\"0\" data-image-meta=\"{&quot;aperture&quot;:&quot;0&quot;,&quot;credit&quot;:&quot;&quot;,&quot;camera&quot;:&quot;&quot;,&quot;caption&quot;:&quot;&quot;,&quot;created_timestamp&quot;:&quot;0&quot;,&quot;copyright&quot;:&quot;&quot;,&quot;focal_length&quot;:&quot;0&quot;,&quot;iso&quot;:&quot;0&quot;,&quot;shutter_speed&quot;:&quot;0&quot;,&quot;title&quot;:&quot;&quot;,&quot;orientation&quot;:&quot;0&quot;}\" data-image-title=\"cert_1\" data-image-description=\"\" data-image-caption=\"\" data-medium-file=\"https:\/\/galas.net.pl\/wp-content\/uploads\/2016\/06\/cert_1-254x300.jpg\" data-large-file=\"https:\/\/galas.net.pl\/wp-content\/uploads\/2016\/06\/cert_1.jpg\" class=\"alignnone size-full wp-image-116\" src=\"http:\/\/galas.net.pl\/wp-content\/uploads\/2016\/06\/cert_1.jpg\" alt=\"cert_1\" width=\"409\" height=\"483\" srcset=\"https:\/\/galas.net.pl\/wp-content\/uploads\/2016\/06\/cert_1.jpg 409w, https:\/\/galas.net.pl\/wp-content\/uploads\/2016\/06\/cert_1-254x300.jpg 254w\" sizes=\"auto, (max-width: 409px) 100vw, 409px\" \/><\/p>\n<p align=\"center\">Nast\u0119pnie wybieramy &#8222;Dalej&#8221;:<\/p>\n<p align=\"center\"><img loading=\"lazy\" decoding=\"async\" data-attachment-id=\"117\" data-permalink=\"https:\/\/galas.net.pl\/index.php\/certyfikat-ssl\/cert_2\/\" data-orig-file=\"https:\/\/galas.net.pl\/wp-content\/uploads\/2016\/06\/cert_2.jpg\" data-orig-size=\"503,393\" data-comments-opened=\"0\" data-image-meta=\"{&quot;aperture&quot;:&quot;0&quot;,&quot;credit&quot;:&quot;&quot;,&quot;camera&quot;:&quot;&quot;,&quot;caption&quot;:&quot;&quot;,&quot;created_timestamp&quot;:&quot;0&quot;,&quot;copyright&quot;:&quot;&quot;,&quot;focal_length&quot;:&quot;0&quot;,&quot;iso&quot;:&quot;0&quot;,&quot;shutter_speed&quot;:&quot;0&quot;,&quot;title&quot;:&quot;&quot;,&quot;orientation&quot;:&quot;0&quot;}\" data-image-title=\"cert_2\" data-image-description=\"\" data-image-caption=\"\" data-medium-file=\"https:\/\/galas.net.pl\/wp-content\/uploads\/2016\/06\/cert_2-300x234.jpg\" data-large-file=\"https:\/\/galas.net.pl\/wp-content\/uploads\/2016\/06\/cert_2.jpg\" class=\"alignnone size-full wp-image-117\" src=\"http:\/\/galas.net.pl\/wp-content\/uploads\/2016\/06\/cert_2.jpg\" alt=\"cert_2\" width=\"503\" height=\"393\" srcset=\"https:\/\/galas.net.pl\/wp-content\/uploads\/2016\/06\/cert_2.jpg 503w, https:\/\/galas.net.pl\/wp-content\/uploads\/2016\/06\/cert_2-300x234.jpg 300w\" sizes=\"auto, (max-width: 503px) 100vw, 503px\" \/><\/p>\n<p align=\"center\">Przy wyborze magazynu poprzez &#8222;Przegl\u0105daj&#8221; wskazujemy &#8222;Zaufane g\u0142\u00f3wne urz\u0119dy certyfikacji&#8221;:<\/p>\n<p align=\"center\"><img loading=\"lazy\" decoding=\"async\" data-attachment-id=\"118\" data-permalink=\"https:\/\/galas.net.pl\/index.php\/certyfikat-ssl\/cert_3\/\" data-orig-file=\"https:\/\/galas.net.pl\/wp-content\/uploads\/2016\/06\/cert_3.jpg\" data-orig-size=\"503,393\" data-comments-opened=\"0\" data-image-meta=\"{&quot;aperture&quot;:&quot;0&quot;,&quot;credit&quot;:&quot;&quot;,&quot;camera&quot;:&quot;&quot;,&quot;caption&quot;:&quot;&quot;,&quot;created_timestamp&quot;:&quot;0&quot;,&quot;copyright&quot;:&quot;&quot;,&quot;focal_length&quot;:&quot;0&quot;,&quot;iso&quot;:&quot;0&quot;,&quot;shutter_speed&quot;:&quot;0&quot;,&quot;title&quot;:&quot;&quot;,&quot;orientation&quot;:&quot;0&quot;}\" data-image-title=\"cert_3\" data-image-description=\"\" data-image-caption=\"\" data-medium-file=\"https:\/\/galas.net.pl\/wp-content\/uploads\/2016\/06\/cert_3-300x234.jpg\" data-large-file=\"https:\/\/galas.net.pl\/wp-content\/uploads\/2016\/06\/cert_3.jpg\" class=\"alignnone size-full wp-image-118\" src=\"http:\/\/galas.net.pl\/wp-content\/uploads\/2016\/06\/cert_3.jpg\" alt=\"cert_3\" width=\"503\" height=\"393\" srcset=\"https:\/\/galas.net.pl\/wp-content\/uploads\/2016\/06\/cert_3.jpg 503w, https:\/\/galas.net.pl\/wp-content\/uploads\/2016\/06\/cert_3-300x234.jpg 300w\" sizes=\"auto, (max-width: 503px) 100vw, 503px\" \/><\/p>\n<p align=\"center\">Na nast\u0119pnej planszy wybieramy &#8222;Zako\u0144cz&#8221;:<\/p>\n<p align=\"center\"><img loading=\"lazy\" decoding=\"async\" data-attachment-id=\"119\" data-permalink=\"https:\/\/galas.net.pl\/index.php\/certyfikat-ssl\/cert_4\/\" data-orig-file=\"https:\/\/galas.net.pl\/wp-content\/uploads\/2016\/06\/cert_4.jpg\" data-orig-size=\"503,393\" data-comments-opened=\"0\" data-image-meta=\"{&quot;aperture&quot;:&quot;0&quot;,&quot;credit&quot;:&quot;&quot;,&quot;camera&quot;:&quot;&quot;,&quot;caption&quot;:&quot;&quot;,&quot;created_timestamp&quot;:&quot;0&quot;,&quot;copyright&quot;:&quot;&quot;,&quot;focal_length&quot;:&quot;0&quot;,&quot;iso&quot;:&quot;0&quot;,&quot;shutter_speed&quot;:&quot;0&quot;,&quot;title&quot;:&quot;&quot;,&quot;orientation&quot;:&quot;0&quot;}\" data-image-title=\"cert_4\" data-image-description=\"\" data-image-caption=\"\" data-medium-file=\"https:\/\/galas.net.pl\/wp-content\/uploads\/2016\/06\/cert_4-300x234.jpg\" data-large-file=\"https:\/\/galas.net.pl\/wp-content\/uploads\/2016\/06\/cert_4.jpg\" class=\"alignnone size-full wp-image-119\" src=\"http:\/\/galas.net.pl\/wp-content\/uploads\/2016\/06\/cert_4.jpg\" alt=\"cert_4\" width=\"503\" height=\"393\" srcset=\"https:\/\/galas.net.pl\/wp-content\/uploads\/2016\/06\/cert_4.jpg 503w, https:\/\/galas.net.pl\/wp-content\/uploads\/2016\/06\/cert_4-300x234.jpg 300w\" sizes=\"auto, (max-width: 503px) 100vw, 503px\" \/><\/p>\n<p align=\"center\">Na koniec nale\u017cy zaakceptowa\u0107 ostrze\u017cenie o zabezpieczeniach co ko\u0144czy procedur\u0119 instalacji certyfikatu:<\/p>\n<p align=\"center\"><img loading=\"lazy\" decoding=\"async\" data-attachment-id=\"120\" data-permalink=\"https:\/\/galas.net.pl\/index.php\/certyfikat-ssl\/cert_5\/\" data-orig-file=\"https:\/\/galas.net.pl\/wp-content\/uploads\/2016\/06\/cert_5.jpg\" data-orig-size=\"630,289\" data-comments-opened=\"0\" data-image-meta=\"{&quot;aperture&quot;:&quot;0&quot;,&quot;credit&quot;:&quot;&quot;,&quot;camera&quot;:&quot;&quot;,&quot;caption&quot;:&quot;&quot;,&quot;created_timestamp&quot;:&quot;0&quot;,&quot;copyright&quot;:&quot;&quot;,&quot;focal_length&quot;:&quot;0&quot;,&quot;iso&quot;:&quot;0&quot;,&quot;shutter_speed&quot;:&quot;0&quot;,&quot;title&quot;:&quot;&quot;,&quot;orientation&quot;:&quot;0&quot;}\" data-image-title=\"cert_5\" data-image-description=\"\" data-image-caption=\"\" data-medium-file=\"https:\/\/galas.net.pl\/wp-content\/uploads\/2016\/06\/cert_5-300x138.jpg\" data-large-file=\"https:\/\/galas.net.pl\/wp-content\/uploads\/2016\/06\/cert_5.jpg\" class=\"alignnone size-full wp-image-120\" src=\"http:\/\/galas.net.pl\/wp-content\/uploads\/2016\/06\/cert_5.jpg\" alt=\"cert_5\" width=\"630\" height=\"289\" srcset=\"https:\/\/galas.net.pl\/wp-content\/uploads\/2016\/06\/cert_5.jpg 630w, https:\/\/galas.net.pl\/wp-content\/uploads\/2016\/06\/cert_5-600x275.jpg 600w, https:\/\/galas.net.pl\/wp-content\/uploads\/2016\/06\/cert_5-300x138.jpg 300w\" sizes=\"auto, (max-width: 630px) 100vw, 630px\" \/><\/p>\n","protected":false},"excerpt":{"rendered":"<p>Instalacja certyfikatu SSL w systemie Windows W pierwszej kolejno\u015bci nale\u017cy pobra\u0107 plik z zapisanym certyfikatem. Pobierz certyfikat SSL. Po pojawieniu [&hellip;]<\/p>\n","protected":false},"author":1,"featured_media":0,"parent":0,"menu_order":0,"comment_status":"closed","ping_status":"closed","template":"","meta":{"site-sidebar-layout":"default","site-content-layout":"","ast-site-content-layout":"","site-content-style":"default","site-sidebar-style":"default","ast-global-header-display":"","ast-banner-title-visibility":"","ast-main-header-display":"","ast-hfb-above-header-display":"","ast-hfb-below-header-display":"","ast-hfb-mobile-header-display":"","site-post-title":"","ast-breadcrumbs-content":"","ast-featured-img":"","footer-sml-layout":"","theme-transparent-header-meta":"","adv-header-id-meta":"","stick-header-meta":"","header-above-stick-meta":"","header-main-stick-meta":"","header-below-stick-meta":"","astra-migrate-meta-layouts":"default","ast-page-background-enabled":"default","ast-page-background-meta":{"desktop":{"background-color":"var(--ast-global-color-4)","background-image":"","background-repeat":"repeat","background-position":"center center","background-size":"auto","background-attachment":"scroll","background-type":"","background-media":"","overlay-type":"","overlay-color":"","overlay-opacity":"","overlay-gradient":""},"tablet":{"background-color":"","background-image":"","background-repeat":"repeat","background-position":"center center","background-size":"auto","background-attachment":"scroll","background-type":"","background-media":"","overlay-type":"","overlay-color":"","overlay-opacity":"","overlay-gradient":""},"mobile":{"background-color":"","background-image":"","background-repeat":"repeat","background-position":"center center","background-size":"auto","background-attachment":"scroll","background-type":"","background-media":"","overlay-type":"","overlay-color":"","overlay-opacity":"","overlay-gradient":""}},"ast-content-background-meta":{"desktop":{"background-color":"var(--ast-global-color-5)","background-image":"","background-repeat":"repeat","background-position":"center center","background-size":"auto","background-attachment":"scroll","background-type":"","background-media":"","overlay-type":"","overlay-color":"","overlay-opacity":"","overlay-gradient":""},"tablet":{"background-color":"var(--ast-global-color-5)","background-image":"","background-repeat":"repeat","background-position":"center center","background-size":"auto","background-attachment":"scroll","background-type":"","background-media":"","overlay-type":"","overlay-color":"","overlay-opacity":"","overlay-gradient":""},"mobile":{"background-color":"var(--ast-global-color-5)","background-image":"","background-repeat":"repeat","background-position":"center center","background-size":"auto","background-attachment":"scroll","background-type":"","background-media":"","overlay-type":"","overlay-color":"","overlay-opacity":"","overlay-gradient":""}},"jetpack_post_was_ever_published":false,"footnotes":"","_links_to":"","_links_to_target":""},"class_list":["post-24","page","type-page","status-publish","hentry"],"jetpack_sharing_enabled":true,"jetpack_shortlink":"https:\/\/wp.me\/P8kCkk-o","jetpack-related-posts":[],"_links":{"self":[{"href":"https:\/\/galas.net.pl\/index.php\/wp-json\/wp\/v2\/pages\/24","targetHints":{"allow":["GET"]}}],"collection":[{"href":"https:\/\/galas.net.pl\/index.php\/wp-json\/wp\/v2\/pages"}],"about":[{"href":"https:\/\/galas.net.pl\/index.php\/wp-json\/wp\/v2\/types\/page"}],"author":[{"embeddable":true,"href":"https:\/\/galas.net.pl\/index.php\/wp-json\/wp\/v2\/users\/1"}],"replies":[{"embeddable":true,"href":"https:\/\/galas.net.pl\/index.php\/wp-json\/wp\/v2\/comments?post=24"}],"version-history":[{"count":2,"href":"https:\/\/galas.net.pl\/index.php\/wp-json\/wp\/v2\/pages\/24\/revisions"}],"predecessor-version":[{"id":124,"href":"https:\/\/galas.net.pl\/index.php\/wp-json\/wp\/v2\/pages\/24\/revisions\/124"}],"wp:attachment":[{"href":"https:\/\/galas.net.pl\/index.php\/wp-json\/wp\/v2\/media?parent=24"}],"curies":[{"name":"wp","href":"https:\/\/api.w.org\/{rel}","templated":true}]}}